08?
26
Let z(x) = 10*x**2 - 51*x + 32. Let i be z(8). Calculate the greatest common factor of 432 and i.
24
Suppose -311*h + 86*h = -9000. Calculate the greatest common factor of h and 17120.
40
Let r(t) = -t**3 + 10*t**2 + 11*t + 3. Let m be r(11). Let u be 12/(-8) - ((-1746)/4)/m. Calculate the greatest common divisor of u and 48.
48
Let b(c) = -15*c + 19. Let i be b(1). Suppose 0 = -i*x - 4*y + 24, -19 = -2*x - 10*y + 15*y. Calculate the greatest common divisor of 791 and x.
7
Suppose 23*u + 17836 - 66011 = 206297. Calculate the greatest common divisor of 96 and u.
24
Let v be 22/(-132) - (2 + (-525)/18). What is the highest common factor of v and 396?
9
Suppose -95*n + 54 = -94*n. Suppose -169*r = -3*u - 168*r + 160, -5*r - 44 = -u. Calculate the highest common factor of n and u.
54
Suppose -891*r + 16 = -887*r. Let q be (r - 3)*(8 + -1). What is the greatest common factor of q and 259?
7
Let h be -2 + 10 - (455/(-13) - -15). What is the highest common divisor of h and 556?
4
Let j = -78 + 82. Suppose -3*f + f = 8, 3*f - 4 = -j*w. Let r be 1023/(-62)*2/(-6)*w. What is the greatest common divisor of 143 and r?
11
Let o = 731 - 705. Let y(v) = 2*v**2 - 52*v + 40. Let a be y(o). What is the highest common factor of a and 32?
8
Let r = 465 - 270. Let l = -24 + r. Let b = 35 - 16. What is the highest common divisor of b and l?
19
Let a(m) = 2*m**3 - 6*m**2 + 1. Let u be (-180)/(-42) - 4/14. Let c be a(u). Let w be (-4)/((-16)/12) + c + -3. Calculate the greatest common factor of 3 and w.
3
Let o be (-537)/((2/(-4))/(21/6)). Calculate the greatest common divisor of o and 21.
21
Suppose -2*j - 6 = -2*r - 50, 4 = r. Let v = -20 + j. Let c be 6*(16/v - (12 + -10)). What is the highest common factor of c and 44?
4
Let v(x) = -25*x**3 + 33*x**2 + 1. Let h be v(1). Calculate the greatest common factor of 6993 and h.
9
Suppose -v + 1560 = 3*v. Suppose d - l - 611 = 0, 2*d + 2*l - 824 = v. Calculate the greatest common factor of d and 87.
87
Let k(d) = -52*d + 9. Let h = 33 + -35. Let n(y) = -52*y + 8. Let j(r) = h*k(r) + 3*n(r). Let q be j(-2). What is the greatest common factor of 10 and q?
10
Suppose -19*u + 17*u + 7332 = 0. Suppose 5*y - 3484 = u. Suppose y = 6*b - b. What is the greatest common factor of b and 26?
26
Let w be 5/1 + 22 + 479. Suppose 2*g = o - 0 - 4, 4*o + 28 = -3*g. Let a be 3*((-290)/(-15) + g). Calculate the greatest common factor of w and a.
46
Let f be (5*(-8)/60)/((-14)/672). Calculate the highest common divisor of 5056 and f.
32
Let v(a) = a**3 - 58*a**2 + 17*a - 14. Let h be v(58). Calculate the greatest common divisor of h and 54.
54
Let b(o) = 47560*o - 190214. Let x be b(4). Let j(l) = -8*l - 9. Let z be j(-6). Suppose 3*d + z = 6*d. Calculate the highest common divisor of d and x.
13
Suppose 0 = -7*f + 5*f. Suppose -115*q + 118*q - 228 = f. Calculate the highest common factor of 19 and q.
19
Let d = 2 + -21. Let v(i) = -7*i - 37. Let h be v(d). Suppose -5*y + 84 + h = 0. Calculate the greatest common divisor of y and 18.
18
Let f(c) = -19*c - 20. Let t be f(-4). Suppose -3*v - 5*g = -124 + 93, 2*g = -5*v + 39. Calculate the highest common factor of v and t.
7
Let d = -2885 - -3389. Calculate the greatest common divisor of d and 90.
18
Suppose 31*k - 33*k = 0. Suppose 11 + 5 = 4*q + 3*h, k = -2*q - 4*h - 2. What is the greatest common factor of q and 49?
7
Suppose -336 = -4*g - 4*d, -g + 2*d + 121 - 28 = 0. Let i = g + -46. Let l = i - 17. Calculate the greatest common factor of 12 and l.
12
Suppose 4*g - 15344 = -15152. What is the greatest common divisor of g and 81?
3
Let d = -16745 - -16759. Let n(c) = -47*c**2 - c - 2. Let q be n(2). Let z be (q/(-1))/2 - -2. What is the greatest common factor of d and z?
14
Suppose -1177 = -10*t + 173. Suppose 0 = 4*v + 3*o - 114, 88 = 3*v + 4*o - 1. What is the greatest common factor of v and t?
27
Let y = 313 - 169. Let g be (1 + -21)*y/(-32). Let k = -3353 - -3363. What is the greatest common divisor of g and k?
10
Let c = -170 + 165. Let b be 90/10 + (c - -4). Let v be (-242)/(-12) - 4/24. What is the greatest common divisor of v and b?
4
Let v(b) = -b**2 + 31*b - 163. Let s be v(7). Suppose 3*q - 145 = 4*c, c = s*q - c - 223. Calculate the highest common factor of q and 688.
43
Suppose 4*v - r - 666 - 7 = 0, 0 = 5*v - r - 841. Let c = -1596 - -1617. Calculate the greatest common factor of c and v.
21
Let j be -25*(-28)/(-5950) + 206/17. Let b be 6*(-1 - (-2)/6). Let w(q) = 3*q**2 - 2*q + 4. Let p be w(b). Calculate the greatest common factor of p and j.
12
Let h be -1 + (5 - -166) + -5. Suppose -26 - 14 = 2*b. Let z be ((-15)/(-20))/((-1)/b). Calculate the highest common divisor of z and h.
15
Let d(j) = -56*j**3 - j + 2. Let n be d(-2). Let y = 634 - n. Let c = -1192 - -1218. Calculate the highest common factor of y and c.
26
Suppose 102*x + 63*x = -181*x + 1730. Calculate the highest common factor of x and 6645.
5
Suppose 2*a - 3*a + u = -11, -a - 5*u + 17 = 0. Let y be ((-40)/a)/(-5) - 1299/(-9). Let f be 35 + -5 - (1 + 0). What is the greatest common factor of f and y?
29
Let g = 448 + -142. Let v = 313 - g. Let j = 61 - 5. Calculate the greatest common factor of v and j.
7
Let z = -20085 - -20128. What is the highest common divisor of z and 10148?
43
Let h(k) = -2*k**3 + 1. Let r be h(-1). Suppose -n + 172 = -r*q, -2*n + 36 = -2*q - 304. Calculate the greatest common factor of 26 and n.
13
Let j be (1*-4)/((-1)/2). Suppose -j = -0*i - i - n, 5*i + 2*n - 28 = 0. Let r be ((264/9)/4)/(81/486). Calculate the highest common factor of i and r.
4
Let k be (524/1310)/(1/(-10)*4/(-10)). Calculate the greatest common divisor of k and 2560.
10
Suppose -8*v + v = 2366. Let d = 585 + v. Calculate the highest common factor of 19 and d.
19
Let b = 273 - 277. Let a = -4 + 7. Let y be 22/b*(2 + (a - 7)). Calculate the greatest common factor of y and 44.
11
Let p(m) = -304*m + 364. Let b be p(1). What is the greatest common divisor of 696 and b?
12
Let l(j) = 6*j**2 - 2*j - 4. Let g be l(4). Let m be ((-2)/(2/(-3)))/((-114210)/2240 + 51). What is the highest common divisor of g and m?
28
Suppose -3*c + 3837 = -2*j, -2*j - 817 + 3365 = 2*c. Let v = c + -473. Calculate the greatest common factor of v and 12.
12
Let q = 23569 - 23197. Calculate the highest common factor of q and 2046.
186
Let u = 487 + 3193. Calculate the highest common divisor of u and 240.
80
Suppose 7*h + h - 176 = 0. Suppose -95*m + 15852 = -17588. What is the greatest common divisor of m and h?
22
Suppose -y - 3*j = -43 + 21, -5*y + 146 = -3*j. What is the greatest common divisor of y and 4102?
14
Suppose j - 32 - 53 = 4*r, -2*j - 2*r = -120. Let x = 42844 + -42753. What is the highest common factor of x and j?
13
Suppose 14*m + 345 = 1045. Let i(q) = 3*q**3 - 12*q**2 + 4*q. Let v be i(8). What is the highest common factor of v and m?
50
Let l be (-104)/3484 - 94271/(-67). What is the greatest common factor of 63 and l?
21
Let m(l) = -88*l - 96. Let a be m(-10). Suppose q + 2*q + 83 = 2*t, -2*t = 2*q - 108. Calculate the highest common divisor of a and t.
49
Let z = 83 - 51. Let u = 1554 - 2706. Let h be 3/((-268)/u + (-12)/54). Calculate the highest common divisor of z and h.
32
Suppose 32 - 248 = -9*o. Let n be (6/o)/(1/12). Suppose 6*x = n*f + 8*x - 258, 2*x - 6 = 0. What is the highest common divisor of 12 and f?
12
Let z be (-168)/294 + 638/14. Let l be (1*(-27)/5)/((-3)/z). What is the greatest common factor of 108 and l?
27
Suppose 4*q + b - 3577 = -886, -5*b = -q + 657. What is the greatest common factor of 84 and q?
84
Suppose 4*u + 4*d = 1424, d = -2*u + 5*u - 1048. Calculate the greatest common divisor of u and 13.
13
Let i be 3/(9 + -1 + 9448/(-1184)). Calculate the highest common divisor of i and 3034.
74
Let c(z) = z**3 - 12*z**2 - 13*z - 18. Let s be (-15)/2*2*(-2 - -1). Let h be c(s). Calculate the greatest common divisor of h and 42.
42
Let m = -24649 + 26014. What is the highest common divisor of m and 1430?
65
Suppose -72 = 4*p - 18*p - 16. What is the highest common factor of 30 and p?
2
Let w(l) = -11*l + 28. Let m(z) = z - 1. Let r(u) = -36*m(u) - 4*w(u). Let k be r(14). Calculate the greatest common factor of 96 and k.
12
Let u(b) = 111*b**2 + 10*b - 11. Let i be u(8). Suppose -16*r - 2597 + i